{"id":13029,"date":"2020-01-12T23:51:12","date_gmt":"2020-01-12T23:51:12","guid":{"rendered":"http:\/\/ninzio.com\/agrikole\/?page_id=13029"},"modified":"2021-10-12T00:03:35","modified_gmt":"2021-10-12T00:03:35","slug":"home-01","status":"publish","type":"page","link":"https:\/\/sitio.agricultori.mx\/","title":{"rendered":"Inicio"},"content":{"rendered":"<p>[vc_row][vc_column]\n\t\t\t<!-- START Slider 1 REVOLUTION SLIDER 6.4.11 --><p class=\"rs-p-wp-fix\"><\/p>\n\t\t\t<rs-module-wrap id=\"rev_slider_1_1_wrapper\" data-source=\"gallery\" style=\"background:transparent;padding:0;margin:0px auto;margin-top:0;margin-bottom:0;\">\n\t\t\t\t<rs-module id=\"rev_slider_1_1\" style=\"\" data-version=\"6.4.11\">\n\t\t\t\t\t<rs-slides>\n\t\t\t\t\t\t<rs-slide data-key=\"rs-1\" data-title=\"Slide\" data-thumb=\"\/\/sitio.agricultori.mx\/wp-content\/uploads\/2021\/10\/banner1-50x100.png\" data-in=\"o:0;\" data-out=\"a:false;\">\n\t\t\t\t\t\t\t<img loading=\"lazy\" decoding=\"async\" src=\"\/\/sitio.agricultori.mx\/wp-content\/uploads\/2021\/10\/banner1.png\" title=\"banner1\" width=\"1200\" height=\"450\" class=\"rev-slidebg tp-rs-img\" data-no-retina>\n<!---->\t\t\t\t\t\t<\/rs-slide>\n\t\t\t\t\t\t<rs-slide data-key=\"rs-2\" data-title=\"Slide\" data-thumb=\"\/\/sitio.agricultori.mx\/wp-content\/uploads\/2021\/10\/banner4-copia-50x100.png\" data-in=\"o:0;\" data-out=\"a:false;\">\n\t\t\t\t\t\t\t<img loading=\"lazy\" decoding=\"async\" src=\"\/\/sitio.agricultori.mx\/wp-content\/uploads\/2021\/10\/banner4-copia.png\" title=\"banner4 copia\" width=\"1200\" height=\"450\" class=\"rev-slidebg tp-rs-img\" data-no-retina>\n<!---->\t\t\t\t\t\t<\/rs-slide>\n\t\t\t\t\t\t<rs-slide data-key=\"rs-3\" data-title=\"Slide\" data-thumb=\"\/\/sitio.agricultori.mx\/wp-content\/uploads\/2021\/10\/banner2-copia-50x100.png\" data-in=\"o:0;\" data-out=\"a:false;\">\n\t\t\t\t\t\t\t<img loading=\"lazy\" decoding=\"async\" src=\"\/\/sitio.agricultori.mx\/wp-content\/uploads\/2021\/10\/banner2-copia.png\" title=\"banner2 copia\" width=\"1200\" height=\"450\" class=\"rev-slidebg tp-rs-img\" data-no-retina>\n<!---->\t\t\t\t\t\t<\/rs-slide>\n\t\t\t\t\t\t<rs-slide data-key=\"rs-4\" data-title=\"Slide\" data-thumb=\"\/\/sitio.agricultori.mx\/wp-content\/uploads\/2021\/10\/banner3-copia-50x100.png\" data-in=\"o:0;\" data-out=\"a:false;\">\n\t\t\t\t\t\t\t<img loading=\"lazy\" decoding=\"async\" src=\"\/\/sitio.agricultori.mx\/wp-content\/uploads\/2021\/10\/banner3-copia.png\" title=\"banner3 copia\" width=\"1200\" height=\"450\" class=\"rev-slidebg tp-rs-img\" data-no-retina>\n<!---->\t\t\t\t\t\t<\/rs-slide>\n\t\t\t\t\t<\/rs-slides>\n\t\t\t\t<\/rs-module>\n\t\t\t\t<script type=\"text\/javascript\">\n\t\t\t\t\tsetREVStartSize({c: 'rev_slider_1_1',rl:[1240,1024,778,480],el:[450],gw:[1240],gh:[450],type:'standard',justify:'',layout:'fullwidth',mh:\"0\"});\n\t\t\t\t\tvar\trevapi1,\n\t\t\t\t\t\ttpj;\n\t\t\t\t\tfunction revinit_revslider11() {\n\t\t\t\t\tjQuery(function() {\n\t\t\t\t\t\ttpj = jQuery;\n\t\t\t\t\t\trevapi1 = tpj(\"#rev_slider_1_1\");\n\t\t\t\t\t\tif(revapi1==undefined || revapi1.revolution == undefined){\n\t\t\t\t\t\t\trevslider_showDoubleJqueryError(\"rev_slider_1_1\");\n\t\t\t\t\t\t}else{\n\t\t\t\t\t\t\trevapi1.revolution({\n\t\t\t\t\t\t\t\tDPR:\"dpr\",\n\t\t\t\t\t\t\t\tsliderLayout:\"fullwidth\",\n\t\t\t\t\t\t\t\tvisibilityLevels:\"1240,1024,778,480\",\n\t\t\t\t\t\t\t\tgridwidth:1240,\n\t\t\t\t\t\t\t\tgridheight:450,\n\t\t\t\t\t\t\t\tperspective:600,\n\t\t\t\t\t\t\t\tperspectiveType:\"global\",\n\t\t\t\t\t\t\t\teditorheight:\"450,768,960,720\",\n\t\t\t\t\t\t\t\tresponsiveLevels:\"1240,1024,778,480\",\n\t\t\t\t\t\t\t\tprogressBar:{disableProgressBar:true},\n\t\t\t\t\t\t\t\tnavigation: {\n\t\t\t\t\t\t\t\t\twheelCallDelay:1000,\n\t\t\t\t\t\t\t\t\tonHoverStop:false,\n\t\t\t\t\t\t\t\t\tarrows: {\n\t\t\t\t\t\t\t\t\t\tenable:true,\n\t\t\t\t\t\t\t\t\t\tstyle:\"hesperiden\",\n\t\t\t\t\t\t\t\t\t\tleft: {\n\t\t\t\t\t\t\t\t\t\t\th_offset:30\n\t\t\t\t\t\t\t\t\t\t},\n\t\t\t\t\t\t\t\t\t\tright: {\n\t\t\t\t\t\t\t\t\t\t\th_offset:30\n\t\t\t\t\t\t\t\t\t\t}\n\t\t\t\t\t\t\t\t\t}\n\t\t\t\t\t\t\t\t},\n\t\t\t\t\t\t\t\tfallbacks: {\n\t\t\t\t\t\t\t\t\tallowHTML5AutoPlayOnAndroid:true\n\t\t\t\t\t\t\t\t},\n\t\t\t\t\t\t\t});\n\t\t\t\t\t\t}\n\t\t\t\t\t\t\n\t\t\t\t\t});\n\t\t\t\t\t} \/\/ End of RevInitScript\n\t\t\t\tvar once_revslider11 = false;\n\t\t\t\tif (document.readyState === \"loading\") {document.addEventListener('readystatechange',function() { if((document.readyState === \"interactive\" || document.readyState === \"complete\") && !once_revslider11 ) { once_revslider11 = true; revinit_revslider11();}});} else {once_revslider11 = true; revinit_revslider11();}\n\t\t\t\t<\/script>\n\t\t\t\t<script>\n\t\t\t\t\tvar htmlDivCss = unescape(\"%23rev_slider_1_1_wrapper%20.hesperiden.tparrows%20%7B%0A%09cursor%3Apointer%3B%0A%09background%3Argba%280%2C0%2C0%2C0.5%29%3B%0A%09width%3A40px%3B%0A%09height%3A40px%3B%0A%09position%3Aabsolute%3B%0A%09display%3Ablock%3B%0A%09z-index%3A1000%3B%0A%20%20%20%20border-radius%3A%2050%25%3B%0A%7D%0A%23rev_slider_1_1_wrapper%20.hesperiden.tparrows.rs-touchhover%20%7B%0A%09background%3A%23000000%3B%0A%7D%0A%23rev_slider_1_1_wrapper%20.hesperiden.tparrows%3Abefore%20%7B%0A%09font-family%3A%20%27revicons%27%3B%0A%09font-size%3A20px%3B%0A%09color%3A%23ffffff%3B%0A%09display%3Ablock%3B%0A%09line-height%3A%2040px%3B%0A%09text-align%3A%20center%3B%0A%7D%0A%23rev_slider_1_1_wrapper%20.hesperiden.tparrows.tp-leftarrow%3Abefore%20%7B%0A%09content%3A%20%27%5Ce82c%27%3B%0A%20%20%20%20margin-left%3A-3px%3B%0A%7D%0A%23rev_slider_1_1_wrapper%20.hesperiden.tparrows.tp-rightarrow%3Abefore%20%7B%0A%09content%3A%20%27%5Ce82d%27%3B%0A%20%20%20%20margin-right%3A-3px%3B%0A%7D%0A\");\n\t\t\t\t\tvar htmlDiv = document.getElementById('rs-plugin-settings-inline-css');\n\t\t\t\t\tif(htmlDiv) {\n\t\t\t\t\t\thtmlDiv.innerHTML = htmlDiv.innerHTML + htmlDivCss;\n\t\t\t\t\t}else{\n\t\t\t\t\t\tvar htmlDiv = document.createElement('div');\n\t\t\t\t\t\thtmlDiv.innerHTML = '<style>' + htmlDivCss + '<\/style>';\n\t\t\t\t\t\tdocument.getElementsByTagName('head')[0].appendChild(htmlDiv.childNodes[0]);\n\t\t\t\t\t}\n\t\t\t\t<\/script>\n\t\t\t\t<script>\n\t\t\t\t\tvar htmlDivCss = unescape(\"%0A%0A%0A%0A\");\n\t\t\t\t\tvar htmlDiv = document.getElementById('rs-plugin-settings-inline-css');\n\t\t\t\t\tif(htmlDiv) {\n\t\t\t\t\t\thtmlDiv.innerHTML = htmlDiv.innerHTML + htmlDivCss;\n\t\t\t\t\t}else{\n\t\t\t\t\t\tvar htmlDiv = document.createElement('div');\n\t\t\t\t\t\thtmlDiv.innerHTML = '<style>' + htmlDivCss + '<\/style>';\n\t\t\t\t\t\tdocument.getElementsByTagName('head')[0].appendChild(htmlDiv.childNodes[0]);\n\t\t\t\t\t}\n\t\t\t\t<\/script>\n\t\t\t<\/rs-module-wrap>\n\t\t\t<!-- END REVOLUTION SLIDER -->\n[\/vc_column][\/vc_row][vc_row full_width=\u00bbstretch_row\u00bb][vc_column]\r\n\t<div class=\"agrikole-spacer clearfix\" data-desktop=\"112\" data-mobi=\"60\" data-smobi=\"60\"><\/div><div class=\"agrikole-headings clearfix text-center\" data-font=70 data-mfont=60 style=\"\"><h2 class=\"heading clearfix \" style=\"line-height:70px;font-size:70px;\">\r\n\t\tLA \u00daNICA APP EN EL PA\u00cdS QUE TE OFRECE LOS SIGUIENTES SERVICIOS GRATUITOS\r\n\t<\/h2><\/div>\r\n\t<div class=\"agrikole-spacer clearfix\" data-desktop=\"56\" data-mobi=\"40\" data-smobi=\"40\"><\/div>[vc_row_inner el_class=\u00bbhalf-on-991&#8243;][vc_column_inner width=\u00bb1\/3&#8243;]<div class=\"agrikole-image-box clearfix style-2 \" style=\" box-shadow: 0px 20px 20px 0px rgba(0,0,0,0.05)\" >\r\n        <div class=\"item\">\r\n            <div class=\"inner\">\r\n                <div class=\"text-wrap \" style=\" padding:45px 50px 60px;\">\r\n                    <h3 class=\"title\" style=\"font-weight:700;font-size:30px;line-height:34px;\">\r\n        PRODUCTOS\r\n    <\/h3> <div class=\"desc\" style=\"\"><p>Es una secci\u00f3n donde te daremos a conocer los productos agro qu\u00edmicos autorizados para la exportaci\u00f3n de su fruta, tambi\u00e9n para que puedas buscar los productos que tengan el mismo ingrediente activo o t\u00e9cnico.<\/p>\n<\/div> <div class=\"url-wrap\">\r\n        <a target=\"_self\" class=\"arrow\" href=\"https:\/\/sitio.agricultori.mx\/?page_id=1326\">\r\n            <span class=\"core-icon-next\"><\/span>\r\n        <\/a>\r\n        <\/div>\r\n                <\/div>\r\n                <div class=\"thumb\" style=\"\"> <img loading=\"lazy\" decoding=\"async\" width=\"770\" height=\"467\" src=\"https:\/\/sitio.agricultori.mx\/wp-content\/uploads\/2021\/10\/ag.jpg\" class=\"attachment-full size-full\" alt=\"\" srcset=\"https:\/\/sitio.agricultori.mx\/wp-content\/uploads\/2021\/10\/ag.jpg 770w, https:\/\/sitio.agricultori.mx\/wp-content\/uploads\/2021\/10\/ag-300x182.jpg 300w, https:\/\/sitio.agricultori.mx\/wp-content\/uploads\/2021\/10\/ag-768x466.jpg 768w, https:\/\/sitio.agricultori.mx\/wp-content\/uploads\/2021\/10\/ag-570x346.jpg 570w\" sizes=\"auto, (max-width: 770px) 100vw, 770px\" \/><\/div>\r\n            <\/div>\r\n        <\/div>\r\n    <\/div>\r\n\t<div class=\"agrikole-spacer clearfix\" data-desktop=\"0\" data-mobi=\"35\" data-smobi=\"35\"><\/div>[\/vc_column_inner][vc_column_inner width=\u00bb1\/3&#8243;]<div class=\"agrikole-image-box clearfix style-2 \" style=\" box-shadow: 0px 20px 20px 0px rgba(0,0,0,0.05)\" >\r\n        <div class=\"item\">\r\n            <div class=\"inner\">\r\n                <div class=\"text-wrap \" style=\" padding:45px 50px 60px;\">\r\n                    <h3 class=\"title\" style=\"font-weight:700;font-size:30px;line-height:34px;\">\r\n        PRECIOS\r\n    <\/h3> <div class=\"desc\" style=\"\"><p>En esta secci\u00f3n te informaremos los precios al d\u00eda, ya que a muchos se nos complica tener esa informaci\u00f3n a la mano.<\/p>\n<\/div> <div class=\"url-wrap\">\r\n        <a target=\"_self\" class=\"arrow\" href=\"https:\/\/sitio.agricultori.mx\/?page_id=1326\">\r\n            <span class=\"core-icon-next\"><\/span>\r\n        <\/a>\r\n        <\/div>\r\n                <\/div>\r\n                <div class=\"thumb\" style=\"\"> <img loading=\"lazy\" decoding=\"async\" width=\"770\" height=\"467\" src=\"https:\/\/sitio.agricultori.mx\/wp-content\/uploads\/2021\/10\/aga.jpg\" class=\"attachment-full size-full\" alt=\"\" srcset=\"https:\/\/sitio.agricultori.mx\/wp-content\/uploads\/2021\/10\/aga.jpg 770w, https:\/\/sitio.agricultori.mx\/wp-content\/uploads\/2021\/10\/aga-300x182.jpg 300w, https:\/\/sitio.agricultori.mx\/wp-content\/uploads\/2021\/10\/aga-768x466.jpg 768w, https:\/\/sitio.agricultori.mx\/wp-content\/uploads\/2021\/10\/aga-570x346.jpg 570w\" sizes=\"auto, (max-width: 770px) 100vw, 770px\" \/><\/div>\r\n            <\/div>\r\n        <\/div>\r\n    <\/div>\r\n\t<div class=\"agrikole-spacer clearfix\" data-desktop=\"0\" data-mobi=\"35\" data-smobi=\"35\"><\/div>[\/vc_column_inner][vc_column_inner width=\u00bb1\/3&#8243;]<div class=\"agrikole-image-box clearfix style-2 \" style=\" box-shadow: 0px 20px 20px 0px rgba(0,0,0,0.05)\" >\r\n        <div class=\"item\">\r\n            <div class=\"inner\">\r\n                <div class=\"text-wrap \" style=\" padding:45px 50px 60px;\">\r\n                    <h3 class=\"title\" style=\"font-weight:700;font-size:30px;line-height:34px;\">\r\n        EMPAQUES CERTIFICADOS\r\n    <\/h3> <div class=\"desc\" style=\"\"><p>Es esta secci\u00f3n podr\u00e1s conocer los empaques que est\u00e1n autorizados para comercializar la fruta en Estados Unidos.<\/p>\n<\/div> <div class=\"url-wrap\">\r\n        <a target=\"_self\" class=\"arrow\" href=\"https:\/\/sitio.agricultori.mx\/?page_id=1326\">\r\n            <span class=\"core-icon-next\"><\/span>\r\n        <\/a>\r\n        <\/div>\r\n                <\/div>\r\n                <div class=\"thumb\" style=\"\"> <img loading=\"lazy\" decoding=\"async\" width=\"770\" height=\"467\" src=\"https:\/\/sitio.agricultori.mx\/wp-content\/uploads\/2021\/10\/ar.jpg\" class=\"attachment-full size-full\" alt=\"\" srcset=\"https:\/\/sitio.agricultori.mx\/wp-content\/uploads\/2021\/10\/ar.jpg 770w, https:\/\/sitio.agricultori.mx\/wp-content\/uploads\/2021\/10\/ar-300x182.jpg 300w, https:\/\/sitio.agricultori.mx\/wp-content\/uploads\/2021\/10\/ar-768x466.jpg 768w, https:\/\/sitio.agricultori.mx\/wp-content\/uploads\/2021\/10\/ar-570x346.jpg 570w\" sizes=\"auto, (max-width: 770px) 100vw, 770px\" \/><\/div>\r\n            <\/div>\r\n        <\/div>\r\n    <\/div>\r\n\t<div class=\"agrikole-spacer clearfix\" data-desktop=\"0\" data-mobi=\"35\" data-smobi=\"35\"><\/div>[\/vc_column_inner][\/vc_row_inner][vc_row_inner el_class=\u00bbhalf-on-991&#8243;][vc_column_inner width=\u00bb1\/3&#8243;]<div class=\"agrikole-image-box clearfix style-2 \" style=\" box-shadow: 0px 20px 20px 0px rgba(0,0,0,0.05)\" >\r\n        <div class=\"item\">\r\n            <div class=\"inner\">\r\n                <div class=\"text-wrap \" style=\" padding:45px 50px 60px;\">\r\n                    <h3 class=\"title\" style=\"font-weight:700;font-size:30px;line-height:34px;\">\r\n        TRABAJO DIARIO\r\n    <\/h3> <div class=\"desc\" style=\"\"><p>Aqu\u00ed podr\u00e1s tener un apartado de pendientes que tengas que hacer para tu huerta.<\/p>\n<\/div> <div class=\"url-wrap\">\r\n        <a target=\"_self\" class=\"arrow\" href=\"https:\/\/sitio.agricultori.mx\/?page_id=1326\">\r\n            <span class=\"core-icon-next\"><\/span>\r\n        <\/a>\r\n        <\/div>\r\n                <\/div>\r\n                <div class=\"thumb\" style=\"\"> <img loading=\"lazy\" decoding=\"async\" width=\"770\" height=\"467\" src=\"https:\/\/sitio.agricultori.mx\/wp-content\/uploads\/2021\/10\/uva.jpg\" class=\"attachment-full size-full\" alt=\"\" srcset=\"https:\/\/sitio.agricultori.mx\/wp-content\/uploads\/2021\/10\/uva.jpg 770w, https:\/\/sitio.agricultori.mx\/wp-content\/uploads\/2021\/10\/uva-300x182.jpg 300w, https:\/\/sitio.agricultori.mx\/wp-content\/uploads\/2021\/10\/uva-768x466.jpg 768w, https:\/\/sitio.agricultori.mx\/wp-content\/uploads\/2021\/10\/uva-570x346.jpg 570w\" sizes=\"auto, (max-width: 770px) 100vw, 770px\" \/><\/div>\r\n            <\/div>\r\n        <\/div>\r\n    <\/div>\r\n\t<div class=\"agrikole-spacer clearfix\" data-desktop=\"0\" data-mobi=\"35\" data-smobi=\"35\"><\/div>[\/vc_column_inner][vc_column_inner width=\u00bb1\/3&#8243;]<div class=\"agrikole-image-box clearfix style-2 \" style=\" box-shadow: 0px 20px 20px 0px rgba(0,0,0,0.05)\" >\r\n        <div class=\"item\">\r\n            <div class=\"inner\">\r\n                <div class=\"text-wrap \" style=\" padding:45px 50px 60px;\">\r\n                    <h3 class=\"title\" style=\"font-weight:700;font-size:30px;line-height:34px;\">\r\n        REQUISITOS DE CERTIFICACI\u00d3N\r\n    <\/h3> <div class=\"desc\" style=\"\"><p>Ahora, si es tu deseo certificar tu huerta, te daremos la informaci\u00f3n necesaria para que puedas registrarlas en global gap y senasica, as\u00ed como la lista de todos los requisitos que ocupas en tus huertos para iniciar los tr\u00e1mites.<\/p>\n<\/div> <div class=\"url-wrap\">\r\n        <a target=\"_self\" class=\"arrow\" href=\"https:\/\/sitio.agricultori.mx\/?page_id=1326\">\r\n            <span class=\"core-icon-next\"><\/span>\r\n        <\/a>\r\n        <\/div>\r\n                <\/div>\r\n                <div class=\"thumb\" style=\"\"> <img loading=\"lazy\" decoding=\"async\" width=\"270\" height=\"175\" src=\"https:\/\/sitio.agricultori.mx\/wp-content\/uploads\/2020\/01\/service2.jpg\" class=\"attachment-full size-full\" alt=\"\" \/><\/div>\r\n            <\/div>\r\n        <\/div>\r\n    <\/div>\r\n\t<div class=\"agrikole-spacer clearfix\" data-desktop=\"0\" data-mobi=\"35\" data-smobi=\"35\"><\/div>[\/vc_column_inner][vc_column_inner width=\u00bb1\/3&#8243;]<div class=\"agrikole-image-box clearfix style-2 \" style=\" box-shadow: 0px 20px 20px 0px rgba(0,0,0,0.05)\" >\r\n        <div class=\"item\">\r\n            <div class=\"inner\">\r\n                <div class=\"text-wrap \" style=\" padding:45px 50px 60px;\">\r\n                    <h3 class=\"title\" style=\"font-weight:700;font-size:30px;line-height:34px;\">\r\n        BIT\u00c1CORAS\r\n    <\/h3> <div class=\"desc\" style=\"\"><p>Sabemos lo importante de las bit\u00e1coras y llevarlas d\u00eda a d\u00eda, por eso en la aplicaci\u00f3n Agricultori te daremos las bit\u00e1coras que necesitas y ejemplos de c\u00f3mo se llenan para las dudas que puedan tener en algunas de ellas.<\/p>\n<\/div> <div class=\"url-wrap\">\r\n        <a target=\"_self\" class=\"arrow\" href=\"https:\/\/sitio.agricultori.mx\/?page_id=1326\">\r\n            <span class=\"core-icon-next\"><\/span>\r\n        <\/a>\r\n        <\/div>\r\n                <\/div>\r\n                <div class=\"thumb\" style=\"\"> <img loading=\"lazy\" decoding=\"async\" width=\"270\" height=\"175\" src=\"https:\/\/sitio.agricultori.mx\/wp-content\/uploads\/2020\/01\/service3.jpg\" class=\"attachment-full size-full\" alt=\"\" \/><\/div>\r\n            <\/div>\r\n        <\/div>\r\n    <\/div>\r\n\t<div class=\"agrikole-spacer clearfix\" data-desktop=\"0\" data-mobi=\"35\" data-smobi=\"35\"><\/div>[\/vc_column_inner][\/vc_row_inner]\r\n\t<div class=\"agrikole-spacer clearfix\" data-desktop=\"120\" data-mobi=\"60\" data-smobi=\"60\"><\/div>[\/vc_column][\/vc_row][vc_row][vc_column][vc_column_text]<\/p>\n<p>&nbsp;<\/p>\n<p>[\/vc_column_text][\/vc_column][\/vc_row][vc_row][vc_column]\r\n\t<div class=\"agrikole-spacer clearfix\" data-desktop=\"120\" data-mobi=\"60\" data-smobi=\"60\"><\/div>[\/vc_column][\/vc_row][vc_row][vc_column][vc_row_inner][vc_column_inner width=\u00bb1\/2&#8243; halfbg=\u00bbcolor\u00bb halfbg_color=\u00bb#00432c\u00bb halfbg_rounded=\u00bb0px 5px 0px 0px\u00bb]\r\n\t<div class=\"agrikole-spacer clearfix\" data-desktop=\"112\" data-mobi=\"60\" data-smobi=\"60\"><\/div><div class=\"agrikole-headings clearfix \" data-font=70 data-mfont=60 style=\"\"><div class=\"pre-heading clearfix\" style=\"font-weight:600;color:#ffffff;font-size:14px;letter-spacing:3px;\">\r\n\t\tCONTACTA CON NOSOTROS\r\n\t<\/div><h2 class=\"heading clearfix \" style=\"color:#ffffff;line-height:70px;font-size:70px;\">\r\n\t\tESCRIBE UN MENSAJE\r\n\t<\/h2><\/div>\r\n\t<div class=\"agrikole-spacer clearfix\" data-desktop=\"56\" data-mobi=\"40\" data-smobi=\"40\"><\/div><div class=\"agrikole-content-box clearfix \" data-padding=\"0px 105px 0px 0px\" data-mobipadding=\"0px 0px 0px 0px\" data-margin=\"\" data-mobimargin=\"\" >\r\n\t\t<div class=\"inner ctb-824087746\" style=\"\"  data-background=\"\" data-border-style=\"solid\" data-border-style-hover=\"solid\">\r\n\t\t\t<div class=\"agrikole-cf7  bg-white btn-accent\"><div role=\"form\" class=\"wpcf7\" id=\"wpcf7-f4437-o1\" lang=\"en-US\" dir=\"ltr\">\n<div class=\"screen-reader-response\"><p role=\"status\" aria-live=\"polite\" aria-atomic=\"true\"><\/p> <ul><\/ul><\/div>\n<form action=\"\/index.php?rest_route=%2Fwp%2Fv2%2Fpages%2F13029#wpcf7-f4437-o1\" method=\"post\" class=\"wpcf7-form init\" novalidate=\"novalidate\" data-status=\"init\">\n<div style=\"display: none;\">\n<input type=\"hidden\" name=\"_wpcf7\" value=\"4437\" \/>\n<input type=\"hidden\" name=\"_wpcf7_version\" value=\"5.4.2\" \/>\n<input type=\"hidden\" name=\"_wpcf7_locale\" value=\"en_US\" \/>\n<input type=\"hidden\" name=\"_wpcf7_unit_tag\" value=\"wpcf7-f4437-o1\" \/>\n<input type=\"hidden\" name=\"_wpcf7_container_post\" value=\"0\" \/>\n<input type=\"hidden\" name=\"_wpcf7_posted_data_hash\" value=\"\" \/>\n<\/div>\n<div class=\"input-wrap clearfix\">\n<div class=\"name-wrap\"><span class=\"wpcf7-form-control-wrap your-name\"><input type=\"text\" name=\"your-name\" value=\"\" size=\"40\" class=\"wpcf7-form-control wpcf7-text wpcf7-validates-as-required\" aria-required=\"true\" aria-invalid=\"false\" placeholder=\"Nombre Completo\" \/><\/span><\/div>\n<div class=\"email-wrap\"><span class=\"wpcf7-form-control-wrap your-email\"><input type=\"email\" name=\"your-email\" value=\"\" size=\"40\" class=\"wpcf7-form-control wpcf7-text wpcf7-email wpcf7-validates-as-required wpcf7-validates-as-email\" aria-required=\"true\" aria-invalid=\"false\" placeholder=\"Correo Electr\u00f3nico\" \/><\/span><\/div>\n<\/div>\n<div class=\"input-wrap clearfix\">\n<div class=\"phone-wrap\"><span class=\"wpcf7-form-control-wrap your-phone\"><input type=\"text\" name=\"your-phone\" value=\"\" size=\"40\" class=\"wpcf7-form-control wpcf7-text wpcf7-validates-as-required\" aria-required=\"true\" aria-invalid=\"false\" placeholder=\"Telef\u00f3no\" \/><\/span><\/div>\n<div class=\"subject-wrap\"><span class=\"wpcf7-form-control-wrap your-subject\"><input type=\"text\" name=\"your-subject\" value=\"\" size=\"40\" class=\"wpcf7-form-control wpcf7-text wpcf7-validates-as-required\" aria-required=\"true\" aria-invalid=\"false\" placeholder=\"Asunto\" \/><\/span><\/div>\n<\/div>\n<div class=\"message-wrap\"><span class=\"wpcf7-form-control-wrap your-message\"><textarea name=\"your-message\" cols=\"40\" rows=\"10\" class=\"wpcf7-form-control wpcf7-textarea\" aria-invalid=\"false\" placeholder=\"Mensaje\"><\/textarea><\/span><\/div>\n<div class=\"submit-wrap\"><span><input type=\"submit\" value=\"Enviar mensaje\" class=\"wpcf7-form-control wpcf7-submit\" \/><\/span><\/div>\n<div class=\"wpcf7-response-output\" aria-hidden=\"true\"><\/div><\/form><\/div><\/div>\r\n\t\t<\/div>\r\n\t<\/div>\r\n\t<div class=\"agrikole-spacer clearfix\" data-desktop=\"120\" data-mobi=\"40\" data-smobi=\"40\"><\/div>[\/vc_column_inner][vc_column_inner width=\u00bb1\/2&#8243;]<div class=\"agrikole-content-box clearfix  display-flex justify-content-center\" data-padding=\"0px 40px 100px 40px\" data-mobipadding=\"40px 10px 40px 10px\" data-margin=\"\" data-mobimargin=\"\" >\r\n\t\t<div class=\"inner ctb-1039053226\" style=\"\"  data-background=\"\" data-border-style=\"solid\" data-border-style-hover=\"solid\">\r\n\t\t\t<div class=\"agrikole-simple-image simple \" style=\" max-width:360px;border-radius:5px;overflow:hidden;text-align:center; margin:0 auto;\">\r\n\t\t\t\t<img decoding=\"async\" alt=\"image\" src=\"https:\/\/sitio.agricultori.mx\/wp-content\/uploads\/2021\/05\/logo_Mesa-de-trabajo-1.png\" \/> \r\n\t\t\t<\/div>\r\n\t<div class=\"agrikole-spacer clearfix\" data-desktop=\"40\" data-mobi=\"35\" data-smobi=\"35\"><\/div>\r\n\t<div class=\"agrikole-spacer clearfix\" data-desktop=\"35\" data-mobi=\"35\" data-smobi=\"35\"><\/div>[vc_column_text]<\/p>\n<div style=\"text-align: center; max-width: 370px; margin: 0 auto;\">En Agricultori, estamos para ayudarte y orientarte en las tomas de decisiones, es por eso que agradecemos tu confianza. Usa nuestros canales de comunicaci\u00f3n para mantenerte en contacto con nuestros expertos.<\/div>\n<p>[\/vc_column_text]\r\n\t<div class=\"agrikole-spacer clearfix\" data-desktop=\"42\" data-mobi=\"35\" data-smobi=\"35\"><\/div>\r\n\t\t<\/div>\r\n\t<\/div>[\/vc_column_inner][\/vc_row_inner][\/vc_column][\/vc_row]<\/p>\n","protected":false},"excerpt":{"rendered":"<p>[vc_row][vc_column][\/vc_column][\/vc_row][vc_row full_width=\u00bbstretch_row\u00bb][vc_column][vc_row_inner el_class=\u00bbhalf-on-991&#8243;][vc_column_inner width=\u00bb1\/3&#8243;][\/vc_column_inner][vc_column_inner width=\u00bb1\/3&#8243;][\/vc_column_inner][vc_column_inner width=\u00bb1\/3&#8243;][\/vc_column_inner][\/vc_row_inner][vc_row_inner el_class=\u00bbhalf-on-991&#8243;][vc_column_inner width=\u00bb1\/3&#8243;][\/vc_column_inner][vc_column_inner width=\u00bb1\/3&#8243;][\/vc_column_inner][vc_column_inner width=\u00bb1\/3&#8243;][\/vc_column_inner][\/vc_row_inner][\/vc_column][\/vc_row][vc_row][vc_column][vc_column_text] &nbsp; [\/vc_column_text][\/vc_column][\/vc_row][vc_row][vc_column][\/vc_column][\/vc_row][vc_row][vc_column][vc_row_inner][vc_column_inner width=\u00bb1\/2&#8243; halfbg=\u00bbcolor\u00bb halfbg_color=\u00bb#00432c\u00bb halfbg_rounded=\u00bb0px 5px 0px 0px\u00bb][\/vc_column_inner][vc_column_inner width=\u00bb1\/2&#8243;][\/vc_column_inner][\/vc_row_inner][\/vc_column][\/vc_row]<\/p>\n","protected":false},"author":1,"featured_media":0,"parent":0,"menu_order":0,"comment_status":"closed","ping_status":"closed","template":"","meta":{"footnotes":""},"class_list":["post-13029","page","type-page","status-publish","hentry"],"_links":{"self":[{"href":"https:\/\/sitio.agricultori.mx\/index.php?rest_route=\/wp\/v2\/pages\/13029","targetHints":{"allow":["GET"]}}],"collection":[{"href":"https:\/\/sitio.agricultori.mx\/index.php?rest_route=\/wp\/v2\/pages"}],"about":[{"href":"https:\/\/sitio.agricultori.mx\/index.php?rest_route=\/wp\/v2\/types\/page"}],"author":[{"embeddable":true,"href":"https:\/\/sitio.agricultori.mx\/index.php?rest_route=\/wp\/v2\/users\/1"}],"replies":[{"embeddable":true,"href":"https:\/\/sitio.agricultori.mx\/index.php?rest_route=%2Fwp%2Fv2%2Fcomments&post=13029"}],"version-history":[{"count":22,"href":"https:\/\/sitio.agricultori.mx\/index.php?rest_route=\/wp\/v2\/pages\/13029\/revisions"}],"predecessor-version":[{"id":14731,"href":"https:\/\/sitio.agricultori.mx\/index.php?rest_route=\/wp\/v2\/pages\/13029\/revisions\/14731"}],"wp:attachment":[{"href":"https:\/\/sitio.agricultori.mx\/index.php?rest_route=%2Fwp%2Fv2%2Fmedia&parent=13029"}],"curies":[{"name":"wp","href":"https:\/\/api.w.org\/{rel}","templated":true}]}}