{"id":1326,"date":"2017-10-16T13:06:09","date_gmt":"2017-10-16T13:06:09","guid":{"rendered":"http:\/\/ninzio.com\/agrikole\/?page_id=1326"},"modified":"2021-10-12T00:05:24","modified_gmt":"2021-10-12T00:05:24","slug":"services","status":"publish","type":"page","link":"https:\/\/sitio.agricultori.mx\/?page_id=1326","title":{"rendered":"Servicios"},"content":{"rendered":"<p>[vc_row full_width=\u00bbstretch_row\u00bb css=\u00bb.vc_custom_1630630844519{background-color: #ffffff !important;}\u00bb][vc_column]\r\n\t<div class=\"agrikole-spacer clearfix\" data-desktop=\"112\" data-mobi=\"60\" data-smobi=\"60\"><\/div><div class=\"agrikole-headings clearfix text-center\" data-font=70 data-mfont=60 style=\"\"><h2 class=\"heading clearfix \" style=\"line-height:70px;font-size:70px;\">\r\n\t\tESTO ES LO QUE OFRECEMOS\r\n\t<\/h2><\/div>\r\n\t<div class=\"agrikole-spacer clearfix\" data-desktop=\"56\" data-mobi=\"40\" data-smobi=\"40\"><\/div>[vc_row_inner el_class=\u00bbhalf-on-991&#8243;][vc_column_inner width=\u00bb1\/3&#8243;]<div class=\"agrikole-image-box clearfix style-2 \" style=\" box-shadow: 0px 20px 20px 0px rgba(0,0,0,0.05)\" >\r\n        <div class=\"item\">\r\n            <div class=\"inner\">\r\n                <div class=\"text-wrap \" style=\" padding:45px 50px 60px;\">\r\n                    <h3 class=\"title\" style=\"font-weight:700;font-size:30px;line-height:34px;\">\r\n        PRODUCTOS\r\n    <\/h3> <div class=\"desc\" style=\"\"><p>Es una secci\u00f3n donde te daremos a conocer los productos agro qu\u00edmicos autorizados para la exportaci\u00f3n de su fruta, tambi\u00e9n para que puedas buscar los productos que tengan el mismo ingrediente activo o t\u00e9cnico.<\/p>\n<\/div> \r\n                <\/div>\r\n                <div class=\"thumb\" style=\"\"> <img loading=\"lazy\" decoding=\"async\" width=\"770\" height=\"467\" src=\"https:\/\/sitio.agricultori.mx\/wp-content\/uploads\/2021\/10\/ag.jpg\" class=\"attachment-full size-full\" alt=\"\" srcset=\"https:\/\/sitio.agricultori.mx\/wp-content\/uploads\/2021\/10\/ag.jpg 770w, https:\/\/sitio.agricultori.mx\/wp-content\/uploads\/2021\/10\/ag-300x182.jpg 300w, https:\/\/sitio.agricultori.mx\/wp-content\/uploads\/2021\/10\/ag-768x466.jpg 768w, https:\/\/sitio.agricultori.mx\/wp-content\/uploads\/2021\/10\/ag-570x346.jpg 570w\" sizes=\"auto, (max-width: 770px) 100vw, 770px\" \/><\/div>\r\n            <\/div>\r\n        <\/div>\r\n    <\/div>\r\n\t<div class=\"agrikole-spacer clearfix\" data-desktop=\"0\" data-mobi=\"35\" data-smobi=\"35\"><\/div>[\/vc_column_inner][vc_column_inner width=\u00bb1\/3&#8243;]<div class=\"agrikole-image-box clearfix style-2 \" style=\" box-shadow: 0px 20px 20px 0px rgba(0,0,0,0.05)\" >\r\n        <div class=\"item\">\r\n            <div class=\"inner\">\r\n                <div class=\"text-wrap \" style=\" padding:45px 50px 60px;\">\r\n                    <h3 class=\"title\" style=\"font-weight:700;font-size:30px;line-height:34px;\">\r\n        PRECIOS\r\n    <\/h3> <div class=\"desc\" style=\"\"><p>En esta secci\u00f3n te informaremos los precios al d\u00eda, ya que a muchos se nos complica tener esa informaci\u00f3n a la mano.<\/p>\n<\/div> \r\n                <\/div>\r\n                <div class=\"thumb\" style=\"\"> <img loading=\"lazy\" decoding=\"async\" width=\"770\" height=\"467\" src=\"https:\/\/sitio.agricultori.mx\/wp-content\/uploads\/2021\/10\/aga.jpg\" class=\"attachment-full size-full\" alt=\"\" srcset=\"https:\/\/sitio.agricultori.mx\/wp-content\/uploads\/2021\/10\/aga.jpg 770w, https:\/\/sitio.agricultori.mx\/wp-content\/uploads\/2021\/10\/aga-300x182.jpg 300w, https:\/\/sitio.agricultori.mx\/wp-content\/uploads\/2021\/10\/aga-768x466.jpg 768w, https:\/\/sitio.agricultori.mx\/wp-content\/uploads\/2021\/10\/aga-570x346.jpg 570w\" sizes=\"auto, (max-width: 770px) 100vw, 770px\" \/><\/div>\r\n            <\/div>\r\n        <\/div>\r\n    <\/div>\r\n\t<div class=\"agrikole-spacer clearfix\" data-desktop=\"0\" data-mobi=\"35\" data-smobi=\"35\"><\/div>[\/vc_column_inner][vc_column_inner width=\u00bb1\/3&#8243;]<div class=\"agrikole-image-box clearfix style-2 \" style=\" box-shadow: 0px 20px 20px 0px rgba(0,0,0,0.05)\" >\r\n        <div class=\"item\">\r\n            <div class=\"inner\">\r\n                <div class=\"text-wrap \" style=\" padding:45px 50px 60px;\">\r\n                    <h3 class=\"title\" style=\"font-weight:700;font-size:30px;line-height:34px;\">\r\n        EMPAQUES CERTIFICADOS\r\n    <\/h3> <div class=\"desc\" style=\"\"><p>Es esta secci\u00f3n podr\u00e1s conocer los empaques que est\u00e1n autorizados para comercializar la fruta en Estados Unidos.<\/p>\n<\/div> \r\n                <\/div>\r\n                <div class=\"thumb\" style=\"\"> <img loading=\"lazy\" decoding=\"async\" width=\"770\" height=\"467\" src=\"https:\/\/sitio.agricultori.mx\/wp-content\/uploads\/2021\/10\/ar.jpg\" class=\"attachment-full size-full\" alt=\"\" srcset=\"https:\/\/sitio.agricultori.mx\/wp-content\/uploads\/2021\/10\/ar.jpg 770w, https:\/\/sitio.agricultori.mx\/wp-content\/uploads\/2021\/10\/ar-300x182.jpg 300w, https:\/\/sitio.agricultori.mx\/wp-content\/uploads\/2021\/10\/ar-768x466.jpg 768w, https:\/\/sitio.agricultori.mx\/wp-content\/uploads\/2021\/10\/ar-570x346.jpg 570w\" sizes=\"auto, (max-width: 770px) 100vw, 770px\" \/><\/div>\r\n            <\/div>\r\n        <\/div>\r\n    <\/div>\r\n\t<div class=\"agrikole-spacer clearfix\" data-desktop=\"0\" data-mobi=\"35\" data-smobi=\"35\"><\/div>[\/vc_column_inner][\/vc_row_inner][vc_row_inner el_class=\u00bbhalf-on-991&#8243;][vc_column_inner width=\u00bb1\/3&#8243;]<div class=\"agrikole-image-box clearfix style-2 \" style=\" box-shadow: 0px 20px 20px 0px rgba(0,0,0,0.05)\" >\r\n        <div class=\"item\">\r\n            <div class=\"inner\">\r\n                <div class=\"text-wrap \" style=\" padding:45px 50px 60px;\">\r\n                    <h3 class=\"title\" style=\"font-weight:700;font-size:30px;line-height:34px;\">\r\n        TRABAJO DIARIO\r\n    <\/h3> <div class=\"desc\" style=\"\"><p>Aqu\u00ed podr\u00e1s tener un apartado de pendientes que tengas que hacer para tu huerta.<\/p>\n<\/div> \r\n                <\/div>\r\n                <div class=\"thumb\" style=\"\"> <img loading=\"lazy\" decoding=\"async\" width=\"770\" height=\"467\" src=\"https:\/\/sitio.agricultori.mx\/wp-content\/uploads\/2021\/10\/uva.jpg\" class=\"attachment-full size-full\" alt=\"\" srcset=\"https:\/\/sitio.agricultori.mx\/wp-content\/uploads\/2021\/10\/uva.jpg 770w, https:\/\/sitio.agricultori.mx\/wp-content\/uploads\/2021\/10\/uva-300x182.jpg 300w, https:\/\/sitio.agricultori.mx\/wp-content\/uploads\/2021\/10\/uva-768x466.jpg 768w, https:\/\/sitio.agricultori.mx\/wp-content\/uploads\/2021\/10\/uva-570x346.jpg 570w\" sizes=\"auto, (max-width: 770px) 100vw, 770px\" \/><\/div>\r\n            <\/div>\r\n        <\/div>\r\n    <\/div>\r\n\t<div class=\"agrikole-spacer clearfix\" data-desktop=\"0\" data-mobi=\"35\" data-smobi=\"35\"><\/div>[\/vc_column_inner][vc_column_inner width=\u00bb1\/3&#8243;]<div class=\"agrikole-image-box clearfix style-2 \" style=\" box-shadow: 0px 20px 20px 0px rgba(0,0,0,0.05)\" >\r\n        <div class=\"item\">\r\n            <div class=\"inner\">\r\n                <div class=\"text-wrap \" style=\" padding:45px 50px 60px;\">\r\n                    <h3 class=\"title\" style=\"font-weight:700;font-size:30px;line-height:34px;\">\r\n        REQUISITOS DE CERTIFICACI\u00d3N\r\n    <\/h3> <div class=\"desc\" style=\"\"><p>Ahora, si es tu deseo certificar tu huerta, te daremos la informaci\u00f3n necesaria para que puedas registrarlas en global gap y senasica, as\u00ed como la lista de todos los requisitos que ocupas en tus huertos para iniciar los tr\u00e1mites.<\/p>\n<\/div> \r\n                <\/div>\r\n                <div class=\"thumb\" style=\"\"> <img loading=\"lazy\" decoding=\"async\" width=\"270\" height=\"175\" src=\"https:\/\/sitio.agricultori.mx\/wp-content\/uploads\/2020\/01\/service2.jpg\" class=\"attachment-full size-full\" alt=\"\" \/><\/div>\r\n            <\/div>\r\n        <\/div>\r\n    <\/div>\r\n\t<div class=\"agrikole-spacer clearfix\" data-desktop=\"0\" data-mobi=\"35\" data-smobi=\"35\"><\/div>[\/vc_column_inner][vc_column_inner width=\u00bb1\/3&#8243;]<div class=\"agrikole-image-box clearfix style-2 \" style=\" box-shadow: 0px 20px 20px 0px rgba(0,0,0,0.05)\" >\r\n        <div class=\"item\">\r\n            <div class=\"inner\">\r\n                <div class=\"text-wrap \" style=\" padding:45px 50px 60px;\">\r\n                    <h3 class=\"title\" style=\"font-weight:700;font-size:30px;line-height:34px;\">\r\n        BIT\u00c1CORAS\r\n    <\/h3> <div class=\"desc\" style=\"\"><p>Sabemos lo importante de las bit\u00e1coras y llevarlas d\u00eda a d\u00eda, por eso en la aplicaci\u00f3n Agricultori te daremos las bit\u00e1coras que necesitas y ejemplos de c\u00f3mo se llenan para las dudas que puedan tener en algunas de ellas.<\/p>\n<\/div> \r\n                <\/div>\r\n                <div class=\"thumb\" style=\"\"> <img loading=\"lazy\" decoding=\"async\" width=\"270\" height=\"175\" src=\"https:\/\/sitio.agricultori.mx\/wp-content\/uploads\/2020\/01\/service3.jpg\" class=\"attachment-full size-full\" alt=\"\" \/><\/div>\r\n            <\/div>\r\n        <\/div>\r\n    <\/div>\r\n\t<div class=\"agrikole-spacer clearfix\" data-desktop=\"0\" data-mobi=\"35\" data-smobi=\"35\"><\/div>[\/vc_column_inner][\/vc_row_inner]\r\n\t<div class=\"agrikole-spacer clearfix\" data-desktop=\"120\" data-mobi=\"60\" data-smobi=\"60\"><\/div>[\/vc_column][\/vc_row][vc_row][vc_column][vc_row_inner el_id=\u00bbcontactos\u00bb][vc_column_inner width=\u00bb1\/2&#8243; halfbg=\u00bbcolor\u00bb halfbg_color=\u00bb#00432c\u00bb halfbg_rounded=\u00bb0px 5px 0px 0px\u00bb]\r\n\t<div class=\"agrikole-spacer clearfix\" data-desktop=\"112\" data-mobi=\"60\" data-smobi=\"60\"><\/div><div class=\"agrikole-headings clearfix \" data-font=70 data-mfont=60 style=\"\"><div class=\"pre-heading clearfix\" style=\"font-weight:600;color:#ffffff;font-size:14px;letter-spacing:3px;\">\r\n\t\tCONTACTA CON NOSOTROS\r\n\t<\/div><h2 class=\"heading clearfix \" style=\"color:#ffffff;line-height:70px;font-size:70px;\">\r\n\t\tESCRIBE UN MENSAJE\r\n\t<\/h2><\/div>\r\n\t<div class=\"agrikole-spacer clearfix\" data-desktop=\"56\" data-mobi=\"40\" data-smobi=\"40\"><\/div><div class=\"agrikole-content-box clearfix \" data-padding=\"0px 105px 0px 0px\" data-mobipadding=\"0px 0px 0px 0px\" data-margin=\"\" data-mobimargin=\"\" >\r\n\t\t<div class=\"inner ctb-634890245\" style=\"\"  data-background=\"\" data-border-style=\"solid\" data-border-style-hover=\"solid\">\r\n\t\t\t<div class=\"agrikole-cf7  bg-white btn-accent\"><div role=\"form\" class=\"wpcf7\" id=\"wpcf7-f4437-o1\" lang=\"en-US\" dir=\"ltr\">\n<div class=\"screen-reader-response\"><p role=\"status\" aria-live=\"polite\" aria-atomic=\"true\"><\/p> <ul><\/ul><\/div>\n<form action=\"\/index.php?rest_route=%2Fwp%2Fv2%2Fpages%2F1326#wpcf7-f4437-o1\" method=\"post\" class=\"wpcf7-form init\" novalidate=\"novalidate\" data-status=\"init\">\n<div style=\"display: none;\">\n<input type=\"hidden\" name=\"_wpcf7\" value=\"4437\" \/>\n<input type=\"hidden\" name=\"_wpcf7_version\" value=\"5.4.2\" \/>\n<input type=\"hidden\" name=\"_wpcf7_locale\" value=\"en_US\" \/>\n<input type=\"hidden\" name=\"_wpcf7_unit_tag\" value=\"wpcf7-f4437-o1\" \/>\n<input type=\"hidden\" name=\"_wpcf7_container_post\" value=\"0\" \/>\n<input type=\"hidden\" name=\"_wpcf7_posted_data_hash\" value=\"\" \/>\n<\/div>\n<div class=\"input-wrap clearfix\">\n<div class=\"name-wrap\"><span class=\"wpcf7-form-control-wrap your-name\"><input type=\"text\" name=\"your-name\" value=\"\" size=\"40\" class=\"wpcf7-form-control wpcf7-text wpcf7-validates-as-required\" aria-required=\"true\" aria-invalid=\"false\" placeholder=\"Nombre Completo\" \/><\/span><\/div>\n<div class=\"email-wrap\"><span class=\"wpcf7-form-control-wrap your-email\"><input type=\"email\" name=\"your-email\" value=\"\" size=\"40\" class=\"wpcf7-form-control wpcf7-text wpcf7-email wpcf7-validates-as-required wpcf7-validates-as-email\" aria-required=\"true\" aria-invalid=\"false\" placeholder=\"Correo Electr\u00f3nico\" \/><\/span><\/div>\n<\/div>\n<div class=\"input-wrap clearfix\">\n<div class=\"phone-wrap\"><span class=\"wpcf7-form-control-wrap your-phone\"><input type=\"text\" name=\"your-phone\" value=\"\" size=\"40\" class=\"wpcf7-form-control wpcf7-text wpcf7-validates-as-required\" aria-required=\"true\" aria-invalid=\"false\" placeholder=\"Telef\u00f3no\" \/><\/span><\/div>\n<div class=\"subject-wrap\"><span class=\"wpcf7-form-control-wrap your-subject\"><input type=\"text\" name=\"your-subject\" value=\"\" size=\"40\" class=\"wpcf7-form-control wpcf7-text wpcf7-validates-as-required\" aria-required=\"true\" aria-invalid=\"false\" placeholder=\"Asunto\" \/><\/span><\/div>\n<\/div>\n<div class=\"message-wrap\"><span class=\"wpcf7-form-control-wrap your-message\"><textarea name=\"your-message\" cols=\"40\" rows=\"10\" class=\"wpcf7-form-control wpcf7-textarea\" aria-invalid=\"false\" placeholder=\"Mensaje\"><\/textarea><\/span><\/div>\n<div class=\"submit-wrap\"><span><input type=\"submit\" value=\"Enviar mensaje\" class=\"wpcf7-form-control wpcf7-submit\" \/><\/span><\/div>\n<div class=\"wpcf7-response-output\" aria-hidden=\"true\"><\/div><\/form><\/div><\/div>\r\n\t\t<\/div>\r\n\t<\/div>\r\n\t<div class=\"agrikole-spacer clearfix\" data-desktop=\"120\" data-mobi=\"40\" data-smobi=\"40\"><\/div>[\/vc_column_inner][vc_column_inner width=\u00bb1\/2&#8243;]<div class=\"agrikole-content-box clearfix  display-flex justify-content-center\" data-padding=\"0px 40px 100px 40px\" data-mobipadding=\"40px 10px 40px 10px\" data-margin=\"\" data-mobimargin=\"\" >\r\n\t\t<div class=\"inner ctb-1776020686\" style=\"\"  data-background=\"\" data-border-style=\"solid\" data-border-style-hover=\"solid\">\r\n\t\t\t<div class=\"agrikole-simple-image simple \" style=\" max-width:360px;border-radius:5px;overflow:hidden;text-align:center; margin:0 auto;\">\r\n\t\t\t\t<img decoding=\"async\" alt=\"image\" src=\"https:\/\/sitio.agricultori.mx\/wp-content\/uploads\/2021\/05\/logo_Mesa-de-trabajo-1.png\" \/> \r\n\t\t\t<\/div>\r\n\t<div class=\"agrikole-spacer clearfix\" data-desktop=\"40\" data-mobi=\"35\" data-smobi=\"35\"><\/div>\r\n\t<div class=\"agrikole-spacer clearfix\" data-desktop=\"35\" data-mobi=\"35\" data-smobi=\"35\"><\/div>[vc_column_text]<\/p>\n<div style=\"text-align: center; max-width: 370px; margin: 0 auto;\">En Agricultori, estamos para ayudarte y orientarte en las tomas de decisiones, es por eso que agradecemos tu confianza. Usa nuestros canales de comunicaci\u00f3n para mantenerte en contacto con nuestros expertos.<\/div>\n<p>[\/vc_column_text]\r\n\t<div class=\"agrikole-spacer clearfix\" data-desktop=\"42\" data-mobi=\"35\" data-smobi=\"35\"><\/div>\r\n\t\t<\/div>\r\n\t<\/div>[\/vc_column_inner][\/vc_row_inner][\/vc_column][\/vc_row]<\/p>\n","protected":false},"excerpt":{"rendered":"<p>[vc_row full_width=\u00bbstretch_row\u00bb css=\u00bb.vc_custom_1630630844519{background-color: #ffffff !important;}\u00bb][vc_column][vc_row_inner el_class=\u00bbhalf-on-991&#8243;][vc_column_inner width=\u00bb1\/3&#8243;][\/vc_column_inner][vc_column_inner width=\u00bb1\/3&#8243;][\/vc_column_inner][vc_column_inner width=\u00bb1\/3&#8243;][\/vc_column_inner][\/vc_row_inner][vc_row_inner el_class=\u00bbhalf-on-991&#8243;][vc_column_inner width=\u00bb1\/3&#8243;][\/vc_column_inner][vc_column_inner width=\u00bb1\/3&#8243;][\/vc_column_inner][vc_column_inner width=\u00bb1\/3&#8243;][\/vc_column_inner][\/vc_row_inner][\/vc_column][\/vc_row][vc_row][vc_column][vc_row_inner el_id=\u00bbcontactos\u00bb][vc_column_inner width=\u00bb1\/2&#8243; halfbg=\u00bbcolor\u00bb halfbg_color=\u00bb#00432c\u00bb halfbg_rounded=\u00bb0px 5px 0px 0px\u00bb][\/vc_column_inner][vc_column_inner width=\u00bb1\/2&#8243;][\/vc_column_inner][\/vc_row_inner][\/vc_column][\/vc_row]<\/p>\n","protected":false},"author":1,"featured_media":0,"parent":0,"menu_order":0,"comment_status":"closed","ping_status":"closed","template":"","meta":{"footnotes":""},"class_list":["post-1326","page","type-page","status-publish","hentry"],"_links":{"self":[{"href":"https:\/\/sitio.agricultori.mx\/index.php?rest_route=\/wp\/v2\/pages\/1326","targetHints":{"allow":["GET"]}}],"collection":[{"href":"https:\/\/sitio.agricultori.mx\/index.php?rest_route=\/wp\/v2\/pages"}],"about":[{"href":"https:\/\/sitio.agricultori.mx\/index.php?rest_route=\/wp\/v2\/types\/page"}],"author":[{"embeddable":true,"href":"https:\/\/sitio.agricultori.mx\/index.php?rest_route=\/wp\/v2\/users\/1"}],"replies":[{"embeddable":true,"href":"https:\/\/sitio.agricultori.mx\/index.php?rest_route=%2Fwp%2Fv2%2Fcomments&post=1326"}],"version-history":[{"count":13,"href":"https:\/\/sitio.agricultori.mx\/index.php?rest_route=\/wp\/v2\/pages\/1326\/revisions"}],"predecessor-version":[{"id":14550,"href":"https:\/\/sitio.agricultori.mx\/index.php?rest_route=\/wp\/v2\/pages\/1326\/revisions\/14550"}],"wp:attachment":[{"href":"https:\/\/sitio.agricultori.mx\/index.php?rest_route=%2Fwp%2Fv2%2Fmedia&parent=1326"}],"curies":[{"name":"wp","href":"https:\/\/api.w.org\/{rel}","templated":true}]}}